 -3*a - 0*a - 2*l. Let y = -3 + a. What are the prime factors of y?
2
Let j(t) = -2*t**3 + 4*t**2 - 4*t + 3. Let k(m) = -m - 4. Let g be k(-6). Let n be j(g). Let p(q) = -q + 3. What are the prime factors of p(n)?
2
Let t be 15*(2 - 8/3). Let c(u) be the second derivative of -u**3/6 + 2*u**2 + u. What are the prime factors of c(t)?
2, 7
What are the prime factors of (8 + 1)*(84/9 + 3)?
3, 37
Let c be -1 + 4 - 66*-2. Suppose 0 = -3*l - 2*l + c. List the prime factors of l.
3
Let z be -2 + 1 + 22/2. Let j = z - -9. What are the prime factors of j?
19
Let i(x) = -4*x - 2. Let n be 3/18 - 82/(-12). Let c be i(n). What are the prime factors of (-10)/(-2)*(-48)/c?
2
Let l(u) = u**2 - u + 20. Let j be l(0). Suppose 3*m - j = -m. Suppose 2*i = 3*q + 2*q - 22, -11 = -4*q - m*i. What are the prime factors of q?
2
Let n(w) be the third derivative of -w**6/120 + w**5/12 + w**2. Let f be n(5). Let z(x) = -x**2 - x + 9. What are the prime factors of z(f)?
3
Suppose 4464 = 19*j - 3*j. What are the prime factors of j?
3, 31
Let m be (1/2)/((-2)/32). Let q be m*(0/(-3) + 1). Let h = 11 + q. List the prime factors of h.
3
Suppose o = -2*y + 34, -4*y = 2*o + 2*o - 116. List the prime factors of o.
2, 3
Let j be ((-8)/(-10))/((-2)/15). List the prime factors of 4/j*132/(-8).
11
Suppose -4*x = -2*i - 2, 4*i - 11 = 2*x + 3*x. Let t = -6 + i. List the prime factors of t.
3
Let y = -2 + 0. Let w be y/(36/(-15) - -2). Suppose r - 7 + w = 0. List the prime factors of r.
2
Let l(c) = -c + 2. Let k be l(-10). Suppose 0*n = n - k. What are the prime factors of n?
2, 3
Let b = -14 - -23. What are the prime factors of b?
3
Let g(l) = -7*l - 6. Let v be g(2). Suppose 0 = -3*z - 9, -3*z - 53 + 16 = p. Let f = v - p. What are the prime factors of f?
2
Suppose 5*q = r - 14, -3*q - 2*q - 38 = -2*r. List the prime factors of r.
2, 3
Suppose -t - 2*t + 9 = 3*n, -2*n + 6 = 3*t. Suppose -4*z - 3*k = -57, -n*k + 15 = 2*k. What are the prime factors of z?
2, 3
Let g = 156 + -65. List the prime factors of g.
7, 13
Let d be 2/((-1)/((-3)/2)). Suppose 0 = 4*m - d*m. Suppose 2*p + 3*x = 15, -5*p + m*x + 57 = x. List the prime factors of p.
2, 3
Let x be (-2)/(16/(-22))*-4. Let f = 24 + x. What are the prime factors of f?
13
Suppose 5*w = 2*q - 334, 0 = -q - 2*q + w + 488. What are the prime factors of q?
2, 3
Let a(m) = m**2 - m + 2. Let v be a(0). Suppose 6 = v*t - 0. Suppose t*o - 6 = 27. List the prime factors of o.
11
Let c(j) = j**2 - 5*j + 7. Suppose 0 = 5*o - 0*g - 4*g - 14, -16 = -4*g. Let r be c(o). Suppose -3*u + 2*u = -r. What are the prime factors of u?
13
Suppose -12 = -8*a + 5*a. Let v = 0 + 0. Suppose v*l = -l + a. What are the prime factors of l?
2
Let w(r) = -3*r + 17. Let b be w(5). List the prime factors of (-4)/(-1) + 4/b.
2, 3
Let t(v) = v**2 - 2*v - 5. Suppose 0 = -4*f - 0*i + 4*i - 28, -4*i + 33 = -5*f. What are the prime factors of t(f)?
2, 3, 5
Let c(j) be the second derivative of 2/3*j**3 - 2*j + 1/12*j**4 - 3/2*j**2 + 0. List the prime factors of c(-6).
3
Let r(n) be the third derivative of n**6/120 + n**5/12 + n**4/8 + n**3/3 + 9*n**2. What are the prime factors of r(-3)?
11
What are the prime factors of (-1)/(-8) + (-27727)/(-136)?
2, 3, 17
List the prime factors of 16/12 - (-512)/12.
2, 11
Suppose 4*v - 13 = 3. Suppose 3*s + 42 = 3*i, 2*i - v*i = -s - 24. What are the prime factors of i?
2, 5
Let f = 38 - 11. What are the prime factors of f?
3
Suppose -3*f + 90 = -5*j, 6*f + 5*j - 120 = 3*f. What are the prime factors of f?
5, 7
Suppose -r = r - 48. Let a be (-1 + 1)*8/r. Suppose 0 = -3*c + 4*p - a*p + 40, 4*p = -4. What are the prime factors of c?
2, 3
Suppose -s = -4*s. Let h(w) = w + 3. Let l be h(s). Suppose 0 = 2*c - 6, 3*z + l*c + c - 33 = 0. List the prime factors of z.
7
Suppose -10*s = -24*s + 2310. List the prime factors of s.
3, 5, 11
Let f(t) be the third derivative of -t**6/720 + 3*t**5/40 + t**4/12 + 3*t**2. Let y(q) be the second derivative of f(q). What are the prime factors of y(0)?
3
List the prime factors of (-20)/6*(-594)/45.
2, 11
Suppose -22 = -2*d + 4*t, 3*d - 3*t = 4*d - 31. What are the prime factors of d?
19
Let h = -238 - -347. List the prime factors of h.
109
Suppose 2*j - 5*j = -42. Suppose 3*y + j = 5*y. What are the prime factors of y?
7
Let l(s) = 2*s**2 - 11*s + 55. What are the prime factors of l(5)?
2, 5
Let g(m) = m**2 - 10*m - 8. List the prime factors of g(11).
3
Let v = -95 + 141. What are the prime factors of v?
2, 23
Suppose 6*v + 90 = -0*v. Let h = 4 - v. List the prime factors of h.
19
Suppose -9*i - 750 = -13*i - 2*p, -380 = -2*i - 2*p. List the prime factors of i.
5, 37
Let f(d) = -d**3 + 6*d**2 + 3*d - 2. List the prime factors of f(6).
2
Suppose 5*r - 924 = r - v, 4*r - 916 = -3*v. List the prime factors of r.
2, 29
Let w(n) = -53*n - 5. What are the prime factors of w(-3)?
2, 7, 11
Suppose -2*f = -0*f - 2*q - 500, 0 = 4*f - 2*q - 1002. What are the prime factors of f?
251
Suppose 2*f + 2*f - 42 = 2*b, -b = 5. Suppose -5*x + 2 = -f. Suppose 0 = -r + x*r - 2. List the prime factors of r.
2
Let b(q) be the first derivative of -q**4/4 - q**3 + q**2/2 - 4*q - 3. What are the prime factors of b(-4)?
2
Let t be 238 - ((-6)/(-3) + -2). Let s be (-10)/(-65) + t/(-26). What are the prime factors of (-169)/(-9) - 2/s?
19
List the prime factors of (-18)/(-8)*32/6.
2, 3
Let a(x) = 8*x. Let g be a(3). Let b = g + -12. What are the prime factors of b?
2, 3
Let a be ((-16)/10 - 2)*-5. Let d = a + -7. What are the prime factors of d?
11
Let b be (-16)/40 + (-14)/(-10). What are the prime factors of 2 + (-1 - b) + 14?
2, 7
Let k be (6/(-8))/(6/(-72)). Suppose 4*h - 101 = -k. List the prime factors of h.
23
Let c = -105 + 197. What are the prime factors of c?
2, 23
Let c(d) = 2*d**2 + 3*d - 2. Let k be c(-7). Suppose -4*h + 8 - k = 5*i, 0 = 5*i - 3*h + 81. What are the prime factors of (-1)/(-3) + (-100)/i?
7
Let l = -25 + 45. List the prime factors of l.
2, 5
Let q be 2/10 + (-58)/(-10). Suppose -z - q = -1. Let n = z + 11. List the prime factors of n.
2, 3
Let a(b) = b**3 + 4*b**2 - 5*b + 2. Let r be a(-5). Suppose -1 - r = -u. Suppose u*p = -p + 28. List the prime factors of p.
7
List the prime factors of (-6)/(-21) - 24/(-14).
2
Let q(g) = -5*g**3 - g**2. Let f be q(-1). Suppose i + f = 5*y - 6, 3*i = y - 16. What are the prime factors of 2 + (-3 + 14)*y?
13
Let j = -2 + 5. Suppose 4*h + 41 = 5*c, -h + j*h + 8 = 0. Suppose -5*i + 6*i - c = 0. What are the prime factors of i?
5
Suppose 12 = 3*m + 2*q, 5*m - 3*q - 20 = 2*q. Suppose 2*b = -2*k - 7 + 1, 0 = -m*k - 3*b - 7. List the prime factors of k.
2
Suppose 5*g + 2*n = 17, -2*n = 3*n - 5. Suppose -2*s - 10 = -g*s. Let x = s - 1. List the prime factors of x.
3
Suppose -3*k + 216 = k. List the prime factors of (4 + k)*(-2)/(-4).
29
Suppose 110 = -3*y + 5*h, 3*h = y + 2*h + 34. Let t = -10 - y. List the prime factors of t.
2, 5
Let o(t) = -3*t**3 - t**2 + 2*t. List the prime factors of o(-2).
2
Suppose 0 = -3*u + 1 + 2. Let f = 1 + u. Suppose 0 = 3*r + f*r - 45. List the prime factors of r.
3
Let h(g) be the first derivative of -g**2/2 - 3*g - 4. Let y be h(-6). Suppose y*s - 5*s = -34. What are the prime factors of s?
17
List the prime factors of (2 - 130/2)*3/(-9).
3, 7
Let p = -2 + 1. Let w(s) = -15*s + 4*s + 1 + 4*s. List the prime factors of w(p).
2
Let p = 8 + -11. Let i be ((-1)/(-2))/(p/(-12)). Suppose -7*w = -i*w - f - 24, -4*w - 2*f + 8 = 0. List the prime factors of w.
2
Let q(y) = y**2 + y + 2. Let p be q(0). Suppose -w + 15 = -4*c, 5*c - 7 + p = 0. Let i = -11 + w. List the prime factors of i.
2
Let a = 25 + -18. Let k = -21 + 16. Let p = a + k. What are the prime factors of p?
2
Suppose 17 = -3*m + 4*u, -m - 2*u = 3*u - 7. Let k be ((-4)/10)/(1/15). Let p = m - k. List the prime factors of p.
3
Let q(t) = 4*t**2 + 4*t - 26. What are the prime factors of q(6)?
2, 71
Let n be 27*1*(-4)/(-6). Suppose m = -2*m + n. List the prime factors of m.
2, 3
Let g(y) = 47*y - 11. Let f be g(-8). Let h be (-4)/(-18) + f/(-81). Suppose 2*r = -0*k - k - 4, 5*r + h = -5*k. List the prime factors of k.
2
Let c = -2 + 7. Suppose c*r - 13 = -4*v, -4*v + 2*r = -3*v - 13. Suppose 34 = 3*u + v. List the prime factors of u.
3
Suppose 2*y = 4*z - 2*y - 112, 3*z + 2*y = 109. List the pri